{"id":910,"date":"2022-03-29T15:52:32","date_gmt":"2022-03-29T13:52:32","guid":{"rendered":"https:\/\/nowymodel.org\/?page_id=910"},"modified":"2022-05-12T14:01:32","modified_gmt":"2022-05-12T12:01:32","slug":"aleksander-kuczma","status":"publish","type":"page","link":"https:\/\/nowymodel.org\/en\/aleksander-kuczma\/","title":{"rendered":"Aleksander Kuczma"},"content":{"rendered":"<div class=\"wp-block-cover alignfull\" style=\"min-height:445px;aspect-ratio:unset;\"><span aria-hidden=\"true\" class=\"has-background-dim-20 wp-block-cover__gradient-background has-background-dim\" style=\"background-color:#000000\"><\/span><div class=\"wp-block-cover__inner-container is-layout-flow wp-block-cover-is-layout-flow\">\n<div class=\"wp-block-columns is-layout-flex wp-container-core-columns-is-layout-9d6595d7 wp-block-columns-is-layout-flex\">\n<div class=\"wp-block-column is-layout-flow wp-block-column-is-layout-flow\">\n<h2 class=\"alignwide has-text-align-center has-white-color has-text-color wp-block-heading\" id=\"we-re-a-studio-in-berlin-with-an-international-practice-in-architecture-urban-planning-and-interior-design-we-believe-in-sharing-knowledge-and-promoting-dialogue-to-increase-the-creative-potential-of-collaboration\" style=\"font-size:48px;line-height:1.1\"><strong>Aleksander Kuczma<\/strong><\/h2>\n\n\n\n<p class=\"has-text-align-center has-luminous-vivid-amber-color has-text-color\" style=\"text-transform:lowercase\">desing i rze\u017aba <\/p>\n<\/div>\n<\/div>\n<\/div><\/div>\n\n\n\n<div style=\"height:100px\" aria-hidden=\"true\" class=\"wp-block-spacer\"><\/div>\n\n\n\n<div class=\"wp-block-columns is-layout-flex wp-container-core-columns-is-layout-9d6595d7 wp-block-columns-is-layout-flex\">\n<div class=\"wp-block-column is-layout-flow wp-block-column-is-layout-flow\">\n<blockquote class=\"wp-block-quote is-layout-flow wp-block-quote-is-layout-flow\"><p>\"The furniture should be flawless and that's it!\"<\/p><\/blockquote>\n\n\n\n<p>A sculptor by education, a longtime furniture designer, whose progress towards Polish classics. He has participated in exhibitions of Polish design in Poland and abroad.<\/p>\n\n\n\n<p>A tutor of several generations of designers at art academies in Pozna\u0144. Currently a lecturer at the Design Institute of the Koszalin University of Technology.<\/p>\n\n\n\n<p>A graduate of the Faculty of Sculpture at the PWSSP in Pozna\u0144 (diploma in 1964 in the field of sculpture in the studio of Prof. Bazyli Wojtowicz).<\/p>\n\n\n\n<p>In 1981 he was a teacher at this university, which in 1996 evolved into the Academy of Fine Arts. In 1981 he founded the Design Polymer Studio there, and in a few years he took over the management of the 3rd Furniture Design Studio. In 1999 he got the title of professor<\/p>\n<\/div>\n\n\n\n<div class=\"wp-block-column is-layout-flow wp-block-column-is-layout-flow\">\n<figure class=\"wp-block-image size-full\"><img fetchpriority=\"high\" decoding=\"async\" width=\"639\" height=\"960\" src=\"https:\/\/nowymodel.org\/wp-content\/uploads\/2022\/03\/55910c29655b0_o_full.jpg\" alt=\"\" class=\"wp-image-848\" srcset=\"https:\/\/nowymodel.org\/wp-content\/uploads\/2022\/03\/55910c29655b0_o_full.jpg 639w, https:\/\/nowymodel.org\/wp-content\/uploads\/2022\/03\/55910c29655b0_o_full-200x300.jpg 200w, https:\/\/nowymodel.org\/wp-content\/uploads\/2022\/03\/55910c29655b0_o_full-8x12.jpg 8w, https:\/\/nowymodel.org\/wp-content\/uploads\/2022\/03\/55910c29655b0_o_full-416x625.jpg 416w\" sizes=\"(max-width: 639px) 100vw, 639px\" \/><\/figure>\n<\/div>\n<\/div>\n\n\n\n<div style=\"height:100px\" aria-hidden=\"true\" class=\"wp-block-spacer\"><\/div>\n\n\n\n<div style=\"height:0px\" aria-hidden=\"true\" class=\"wp-block-spacer\"><\/div>\n\n\n\n<div class=\"wp-block-group alignfull has-black-color has-text-color has-background has-link-color wp-elements-393b7e4d8217c160a836a20cabe519f6\" style=\"background-color:#d2cdc7\"><div class=\"wp-block-group__inner-container is-layout-flow wp-block-group-is-layout-flow\">\n<h2 class=\"alignwide has-text-align-center has-white-color has-text-color wp-block-heading\" style=\"font-size:46px;font-weight:400;line-height:1.1\">Designer products<\/h2>\n<\/div><\/div>\n\n\n\n<div style=\"height:100px\" aria-hidden=\"true\" class=\"wp-block-spacer\"><\/div>\n\n\n\n<p><\/p>","protected":false},"excerpt":{"rendered":"<p>\u201eMebel ma by\u0107 bezb\u0142\u0119dny i&nbsp;ju\u017c!\u201d Z wykszta\u0142cenia rze\u017abiarz, wieloletni projektant mebli, kt\u00f3rego dzie\u0142a nale\u017c\u0105 do klasyki polskiego dizajnu. Uczestniczy\u0142 we wszystkich znacz\u0105cych wystawach polskiego wzornictwa w&nbsp;kraju i&nbsp;za granic\u0105. Wychowawca kilku pokole\u0144 projektant\u00f3w w&nbsp;uczelni artystycznej w&nbsp;Poznaniu. Obecnie wyk\u0142adowca w&nbsp;Instytucie Wzornictwa Politechniki Koszali\u0144skiej. Absolwent Wydzia\u0142u Rze\u017aby PWSSP w&nbsp;Poznaniu (dyplom w&nbsp;1964 r. w&nbsp;zakresie rze\u017aby w&nbsp;pracowni prof. Bazylego Wojtowicza). [&hellip;]<\/p>\n","protected":false},"author":2,"featured_media":0,"parent":0,"menu_order":0,"comment_status":"closed","ping_status":"closed","template":"template-fullwidth.php","meta":{"footnotes":""},"class_list":["post-910","page","type-page","status-publish","hentry"],"yoast_head":"<!-- This site is optimized with the Yoast SEO plugin v22.4 - https:\/\/yoast.com\/wordpress\/plugins\/seo\/ -->\n<title>Aleksander Kuczma - nowymodel.org<\/title>\n<meta name=\"description\" content=\"Z wykszta\u0142cenia rze\u017abiarz, wieloletni projektant mebli, kt\u00f3rego dzie\u0142a nale\u017c\u0105 do klasyki polskiego dizajnu.\" \/>\n<meta name=\"robots\" content=\"index, follow, max-snippet:-1, max-image-preview:large, max-video-preview:-1\" \/>\n<link rel=\"canonical\" href=\"https:\/\/nowymodel.org\/en\/aleksander-kuczma\/\" \/>\n<meta property=\"og:locale\" content=\"en_GB\" \/>\n<meta property=\"og:type\" content=\"article\" \/>\n<meta property=\"og:title\" content=\"Aleksander Kuczma - nowymodel.org\" \/>\n<meta property=\"og:description\" content=\"Z wykszta\u0142cenia rze\u017abiarz, wieloletni projektant mebli, kt\u00f3rego dzie\u0142a nale\u017c\u0105 do klasyki polskiego dizajnu.\" \/>\n<meta property=\"og:url\" content=\"https:\/\/nowymodel.org\/en\/aleksander-kuczma\/\" \/>\n<meta property=\"og:site_name\" content=\"nowymodel.org\" \/>\n<meta property=\"article:modified_time\" content=\"2022-05-12T12:01:32+00:00\" \/>\n<meta property=\"og:image\" content=\"https:\/\/nowymodel.org\/wp-content\/uploads\/2022\/03\/55910c29655b0_o_full.jpg\" \/>\n<meta name=\"twitter:card\" content=\"summary_large_image\" \/>\n<meta name=\"twitter:label1\" content=\"Estimated reading time\" \/>\n\t<meta name=\"twitter:data1\" content=\"2 minutes\" \/>\n<script type=\"application\/ld+json\" class=\"yoast-schema-graph\">{\"@context\":\"https:\/\/schema.org\",\"@graph\":[{\"@type\":\"WebPage\",\"@id\":\"https:\/\/nowymodel.org\/aleksander-kuczma\/\",\"url\":\"https:\/\/nowymodel.org\/aleksander-kuczma\/\",\"name\":\"Aleksander Kuczma - nowymodel.org\",\"isPartOf\":{\"@id\":\"https:\/\/nowymodel.org\/#website\"},\"primaryImageOfPage\":{\"@id\":\"https:\/\/nowymodel.org\/aleksander-kuczma\/#primaryimage\"},\"image\":{\"@id\":\"https:\/\/nowymodel.org\/aleksander-kuczma\/#primaryimage\"},\"thumbnailUrl\":\"https:\/\/nowymodel.org\/wp-content\/uploads\/2022\/03\/55910c29655b0_o_full.jpg\",\"datePublished\":\"2022-03-29T13:52:32+00:00\",\"dateModified\":\"2022-05-12T12:01:32+00:00\",\"description\":\"Z wykszta\u0142cenia rze\u017abiarz, wieloletni projektant mebli, kt\u00f3rego dzie\u0142a nale\u017c\u0105 do klasyki polskiego dizajnu.\",\"inLanguage\":\"en-GB\",\"potentialAction\":[{\"@type\":\"ReadAction\",\"target\":[\"https:\/\/nowymodel.org\/aleksander-kuczma\/\"]}]},{\"@type\":\"ImageObject\",\"inLanguage\":\"en-GB\",\"@id\":\"https:\/\/nowymodel.org\/aleksander-kuczma\/#primaryimage\",\"url\":\"https:\/\/nowymodel.org\/wp-content\/uploads\/2022\/03\/55910c29655b0_o_full.jpg\",\"contentUrl\":\"https:\/\/nowymodel.org\/wp-content\/uploads\/2022\/03\/55910c29655b0_o_full.jpg\"},{\"@type\":\"WebSite\",\"@id\":\"https:\/\/nowymodel.org\/#website\",\"url\":\"https:\/\/nowymodel.org\/\",\"name\":\"nowymodel.org\",\"description\":\"\",\"potentialAction\":[{\"@type\":\"SearchAction\",\"target\":{\"@type\":\"EntryPoint\",\"urlTemplate\":\"https:\/\/nowymodel.org\/?s={search_term_string}\"},\"query-input\":\"required name=search_term_string\"}],\"inLanguage\":\"en-GB\"}]}<\/script>\n<!-- \/ Yoast SEO plugin. -->","yoast_head_json":{"title":"Aleksander Kuczma - nowymodel.org","description":"Z wykszta\u0142cenia rze\u017abiarz, wieloletni projektant mebli, kt\u00f3rego dzie\u0142a nale\u017c\u0105 do klasyki polskiego dizajnu.","robots":{"index":"index","follow":"follow","max-snippet":"max-snippet:-1","max-image-preview":"max-image-preview:large","max-video-preview":"max-video-preview:-1"},"canonical":"https:\/\/nowymodel.org\/en\/aleksander-kuczma\/","og_locale":"en_GB","og_type":"article","og_title":"Aleksander Kuczma - nowymodel.org","og_description":"Z wykszta\u0142cenia rze\u017abiarz, wieloletni projektant mebli, kt\u00f3rego dzie\u0142a nale\u017c\u0105 do klasyki polskiego dizajnu.","og_url":"https:\/\/nowymodel.org\/en\/aleksander-kuczma\/","og_site_name":"nowymodel.org","article_modified_time":"2022-05-12T12:01:32+00:00","og_image":[{"url":"https:\/\/nowymodel.org\/wp-content\/uploads\/2022\/03\/55910c29655b0_o_full.jpg"}],"twitter_card":"summary_large_image","twitter_misc":{"Estimated reading time":"2 minutes"},"schema":{"@context":"https:\/\/schema.org","@graph":[{"@type":"WebPage","@id":"https:\/\/nowymodel.org\/aleksander-kuczma\/","url":"https:\/\/nowymodel.org\/aleksander-kuczma\/","name":"Aleksander Kuczma - nowymodel.org","isPartOf":{"@id":"https:\/\/nowymodel.org\/#website"},"primaryImageOfPage":{"@id":"https:\/\/nowymodel.org\/aleksander-kuczma\/#primaryimage"},"image":{"@id":"https:\/\/nowymodel.org\/aleksander-kuczma\/#primaryimage"},"thumbnailUrl":"https:\/\/nowymodel.org\/wp-content\/uploads\/2022\/03\/55910c29655b0_o_full.jpg","datePublished":"2022-03-29T13:52:32+00:00","dateModified":"2022-05-12T12:01:32+00:00","description":"Z wykszta\u0142cenia rze\u017abiarz, wieloletni projektant mebli, kt\u00f3rego dzie\u0142a nale\u017c\u0105 do klasyki polskiego dizajnu.","inLanguage":"en-GB","potentialAction":[{"@type":"ReadAction","target":["https:\/\/nowymodel.org\/aleksander-kuczma\/"]}]},{"@type":"ImageObject","inLanguage":"en-GB","@id":"https:\/\/nowymodel.org\/aleksander-kuczma\/#primaryimage","url":"https:\/\/nowymodel.org\/wp-content\/uploads\/2022\/03\/55910c29655b0_o_full.jpg","contentUrl":"https:\/\/nowymodel.org\/wp-content\/uploads\/2022\/03\/55910c29655b0_o_full.jpg"},{"@type":"WebSite","@id":"https:\/\/nowymodel.org\/#website","url":"https:\/\/nowymodel.org\/","name":"nowymodel.org","description":"","potentialAction":[{"@type":"SearchAction","target":{"@type":"EntryPoint","urlTemplate":"https:\/\/nowymodel.org\/?s={search_term_string}"},"query-input":"required name=search_term_string"}],"inLanguage":"en-GB"}]}},"_links":{"self":[{"href":"https:\/\/nowymodel.org\/en\/wp-json\/wp\/v2\/pages\/910","targetHints":{"allow":["GET"]}}],"collection":[{"href":"https:\/\/nowymodel.org\/en\/wp-json\/wp\/v2\/pages"}],"about":[{"href":"https:\/\/nowymodel.org\/en\/wp-json\/wp\/v2\/types\/page"}],"author":[{"embeddable":true,"href":"https:\/\/nowymodel.org\/en\/wp-json\/wp\/v2\/users\/2"}],"replies":[{"embeddable":true,"href":"https:\/\/nowymodel.org\/en\/wp-json\/wp\/v2\/comments?post=910"}],"version-history":[{"count":1,"href":"https:\/\/nowymodel.org\/en\/wp-json\/wp\/v2\/pages\/910\/revisions"}],"predecessor-version":[{"id":936,"href":"https:\/\/nowymodel.org\/en\/wp-json\/wp\/v2\/pages\/910\/revisions\/936"}],"wp:attachment":[{"href":"https:\/\/nowymodel.org\/en\/wp-json\/wp\/v2\/media?parent=910"}],"curies":[{"name":"wp","href":"https:\/\/api.w.org\/{rel}","templated":true}]}}

<div class="wp-block-cover alignfull" style="min-height:445px;aspect-ratio:unset;"><span aria-hidden="true" class="has-background-dim-20 wp-block-cover__gradient-background has-background-dim" style="background-color:#000000"></span><div class="wp-block-cover__inner-container is-layout-flow wp-block-cover-is-layout-flow">
<div class="wp-block-columns is-layout-flex wp-container-core-columns-is-layout-9d6595d7 wp-block-columns-is-layout-flex">
<div class="wp-block-column is-layout-flow wp-block-column-is-layout-flow">
<h2 class="alignwide has-text-align-center has-white-color has-text-color wp-block-heading" id="we-re-a-studio-in-berlin-with-an-international-practice-in-architecture-urban-planning-and-interior-design-we-believe-in-sharing-knowledge-and-promoting-dialogue-to-increase-the-creative-potential-of-collaboration" style="font-size:48px;line-height:1.1"><strong>Aleksander Kuczma</strong></h2>



<p class="has-text-align-center has-luminous-vivid-amber-color has-text-color" style="text-transform:lowercase">desing i rzeźba </p>
</div>
</div>
</div></div>



<div style="height:100px" aria-hidden="true" class="wp-block-spacer"></div>



<div class="wp-block-columns is-layout-flex wp-container-core-columns-is-layout-9d6595d7 wp-block-columns-is-layout-flex">
<div class="wp-block-column is-layout-flow wp-block-column-is-layout-flow">
<blockquote class="wp-block-quote is-layout-flow wp-block-quote-is-layout-flow"><p>"The furniture should be flawless and that's it!"</p></blockquote>



<p>A sculptor by education, a longtime furniture designer, whose progress towards Polish classics. He has participated in exhibitions of Polish design in Poland and abroad.</p>



<p>A tutor of several generations of designers at art academies in Poznań. Currently a lecturer at the Design Institute of the Koszalin University of Technology.</p>



<p>A graduate of the Faculty of Sculpture at the PWSSP in Poznań (diploma in 1964 in the field of sculpture in the studio of Prof. Bazyli Wojtowicz).</p>



<p>In 1981 he was a teacher at this university, which in 1996 evolved into the Academy of Fine Arts. In 1981 he founded the Design Polymer Studio there, and in a few years he took over the management of the 3rd Furniture Design Studio. In 1999 he got the title of professor</p>
</div>



<div class="wp-block-column is-layout-flow wp-block-column-is-layout-flow">
<figure class="wp-block-image size-full"><img fetchpriority="high" decoding="async" width="639" height="960" src="https://nowymodel.org/wp-content/uploads/2022/03/55910c29655b0_o_full.jpg" alt="" class="wp-image-848" srcset="https://nowymodel.org/wp-content/uploads/2022/03/55910c29655b0_o_full.jpg 639w, https://nowymodel.org/wp-content/uploads/2022/03/55910c29655b0_o_full-200x300.jpg 200w, https://nowymodel.org/wp-content/uploads/2022/03/55910c29655b0_o_full-8x12.jpg 8w, https://nowymodel.org/wp-content/uploads/2022/03/55910c29655b0_o_full-416x625.jpg 416w" sizes="(max-width: 639px) 100vw, 639px" /></figure>
</div>
</div>



<div style="height:100px" aria-hidden="true" class="wp-block-spacer"></div>



<div style="height:0px" aria-hidden="true" class="wp-block-spacer"></div>



<div class="wp-block-group alignfull has-black-color has-text-color has-background has-link-color wp-elements-393b7e4d8217c160a836a20cabe519f6" style="background-color:#d2cdc7"><div class="wp-block-group__inner-container is-layout-flow wp-block-group-is-layout-flow">
<h2 class="alignwide has-text-align-center has-white-color has-text-color wp-block-heading" style="font-size:46px;font-weight:400;line-height:1.1">Designer products</h2>
</div></div>



<div style="height:100px" aria-hidden="true" class="wp-block-spacer"></div>



<p></p>

<p>„Mebel ma być bezbłędny i&nbsp;już!” Z wykształcenia rzeźbiarz, wieloletni projektant mebli, którego dzieła należą do klasyki polskiego dizajnu. Uczestniczył we wszystkich znaczących wystawach polskiego wzornictwa w&nbsp;kraju i&nbsp;za granicą. Wychowawca kilku pokoleń projektantów w&nbsp;uczelni artystycznej w&nbsp;Poznaniu. Obecnie wykładowca w&nbsp;Instytucie Wzornictwa Politechniki Koszalińskiej. Absolwent Wydziału Rzeźby PWSSP w&nbsp;Poznaniu (dyplom w&nbsp;1964 r. w&nbsp;zakresie rzeźby w&nbsp;pracowni prof. Bazylego Wojtowicza). [&hellip;]</p>

<!-- This site is optimized with the Yoast SEO plugin v22.4 - https://yoast.com/wordpress/plugins/seo/ -->
<title>Aleksander Kuczma - nowymodel.org</title>
<meta name="description" content="Z wykształcenia rzeźbiarz, wieloletni projektant mebli, którego dzieła należą do klasyki polskiego dizajnu." />
<meta name="robots" content="index, follow, max-snippet:-1, max-image-preview:large, max-video-preview:-1" />
<link rel="canonical" href="https://nowymodel.org/en/aleksander-kuczma/" />
<meta property="og:locale" content="en_GB" />
<meta property="og:type" content="article" />
<meta property="og:title" content="Aleksander Kuczma - nowymodel.org" />
<meta property="og:description" content="Z wykształcenia rzeźbiarz, wieloletni projektant mebli, którego dzieła należą do klasyki polskiego dizajnu." />
<meta property="og:url" content="https://nowymodel.org/en/aleksander-kuczma/" />
<meta property="og:site_name" content="nowymodel.org" />
<meta property="article:modified_time" content="2022-05-12T12:01:32+00:00" />
<meta property="og:image" content="https://nowymodel.org/wp-content/uploads/2022/03/55910c29655b0_o_full.jpg" />
<meta name="twitter:card" content="summary_large_image" />
<meta name="twitter:label1" content="Estimated reading time" />
	<meta name="twitter:data1" content="2 minutes" />
<script type="application/ld+json" class="yoast-schema-graph">{"@context":"https://schema.org","@graph":[{"@type":"WebPage","@id":"https://nowymodel.org/aleksander-kuczma/","url":"https://nowymodel.org/aleksander-kuczma/","name":"Aleksander Kuczma - nowymodel.org","isPartOf":{"@id":"https://nowymodel.org/#website"},"primaryImageOfPage":{"@id":"https://nowymodel.org/aleksander-kuczma/#primaryimage"},"image":{"@id":"https://nowymodel.org/aleksander-kuczma/#primaryimage"},"thumbnailUrl":"https://nowymodel.org/wp-content/uploads/2022/03/55910c29655b0_o_full.jpg","datePublished":"2022-03-29T13:52:32+00:00","dateModified":"2022-05-12T12:01:32+00:00","description":"Z wykształcenia rzeźbiarz, wieloletni projektant mebli, którego dzieła należą do klasyki polskiego dizajnu.","inLanguage":"en-GB","potentialAction":[{"@type":"ReadAction","target":["https://nowymodel.org/aleksander-kuczma/"]}]},{"@type":"ImageObject","inLanguage":"en-GB","@id":"https://nowymodel.org/aleksander-kuczma/#primaryimage","url":"https://nowymodel.org/wp-content/uploads/2022/03/55910c29655b0_o_full.jpg","contentUrl":"https://nowymodel.org/wp-content/uploads/2022/03/55910c29655b0_o_full.jpg"},{"@type":"WebSite","@id":"https://nowymodel.org/#website","url":"https://nowymodel.org/","name":"nowymodel.org","description":"","potentialAction":[{"@type":"SearchAction","target":{"@type":"EntryPoint","urlTemplate":"https://nowymodel.org/?s={search_term_string}"},"query-input":"required name=search_term_string"}],"inLanguage":"en-GB"}]}</script>
<!-- / Yoast SEO plugin. -->

Z wykształcenia rzeźbiarz, wieloletni projektant mebli, którego dzieła należą do klasyki polskiego dizajnu.
